[INFO] cloning repository https://github.com/beetflo/beetflo-terminal
[INFO] running `Command { std: "git" "-c" "credential.helper=" "-c" "credential.helper=/workspace/cargo-home/bin/git-credential-null" "clone" "--bare" "https://github.com/beetflo/beetflo-terminal" "/workspace/cache/git-repos/https%3A%2F%2Fgithub.com%2Fbeetflo%2Fbeetflo-terminal", kill_on_drop: false }`
[INFO] [stderr] Cloning into bare repository '/workspace/cache/git-repos/https%3A%2F%2Fgithub.com%2Fbeetflo%2Fbeetflo-terminal'...
[INFO] running `Command { std: "git" "rev-parse" "HEAD", kill_on_drop: false }`
[INFO] [stdout] af1bc6a0ad1ae9b89a23c78ad5a57f9dfa909e8e
[INFO] checking beetflo/beetflo-terminal against try#72f88fc4e9458f89516a0b8b0868f3718aec5b47 for pr-74989
[INFO] running `Command { std: "git" "clone" "/workspace/cache/git-repos/https%3A%2F%2Fgithub.com%2Fbeetflo%2Fbeetflo-terminal" "/workspace/builds/worker-3/source", kill_on_drop: false }`
[INFO] [stderr] Cloning into '/workspace/builds/worker-3/source'...
[INFO] [stderr] done.
[INFO] validating manifest of git repo https://github.com/beetflo/beetflo-terminal on toolchain 72f88fc4e9458f89516a0b8b0868f3718aec5b47
[INFO] running `Command { std: "/workspace/cargo-home/bin/cargo" "+72f88fc4e9458f89516a0b8b0868f3718aec5b47" "read-manifest" "--manifest-path" "Cargo.toml", kill_on_drop: false }`
[INFO] started tweaking git repo https://github.com/beetflo/beetflo-terminal
[INFO] removed path dependency conrod from git repo https://github.com/beetflo/beetflo-terminal
[INFO] removed path dependency conrod_derive from git repo https://github.com/beetflo/beetflo-terminal
[INFO] removed path dependency midir from git repo https://github.com/beetflo/beetflo-terminal
[INFO] finished tweaking git repo https://github.com/beetflo/beetflo-terminal
[INFO] tweaked toml for git repo https://github.com/beetflo/beetflo-terminal written to /workspace/builds/worker-3/source/Cargo.toml
[INFO] crate git repo https://github.com/beetflo/beetflo-terminal already has a lockfile, it will not be regenerated
[INFO] running `Command { std: "/workspace/cargo-home/bin/cargo" "+72f88fc4e9458f89516a0b8b0868f3718aec5b47" "fetch" "--locked" "--manifest-path" "Cargo.toml", kill_on_drop: false }`
[INFO] [stderr] warning: dependency (conrod) specified without providing a local path, Git repository, or version to use. This will be considered an error in future versions
[INFO] [stderr] warning: dependency (conrod_derive) specified without providing a local path, Git repository, or version to use. This will be considered an error in future versions
[INFO] [stderr] warning: dependency (midir) specified without providing a local path, Git repository, or version to use. This will be considered an error in future versions
[INFO] [stderr]     Updating crates.io index
[INFO] [stderr] error: the lock file /workspace/builds/worker-3/source/Cargo.lock needs to be updated but --locked was passed to prevent this
[INFO] [stderr] If you want to try to generate the lock file without accessing the network, use the --offline flag.
[INFO] the lockfile is outdated, regenerating it
[INFO] running `Command { std: "/workspace/cargo-home/bin/cargo" "+72f88fc4e9458f89516a0b8b0868f3718aec5b47" "generate-lockfile" "--manifest-path" "Cargo.toml" "-Zno-index-update", kill_on_drop: false }`
[INFO] [stderr]     Blocking waiting for file lock on package cache
[INFO] running `Command { std: "/workspace/cargo-home/bin/cargo" "+72f88fc4e9458f89516a0b8b0868f3718aec5b47" "fetch" "--locked" "--manifest-path" "Cargo.toml", kill_on_drop: false }`
[INFO] [stderr] warning: dependency (conrod) specified without providing a local path, Git repository, or version to use. This will be considered an error in future versions
[INFO] [stderr] warning: dependency (conrod_derive) specified without providing a local path, Git repository, or version to use. This will be considered an error in future versions
[INFO] [stderr] warning: dependency (midir) specified without providing a local path, Git repository, or version to use. This will be considered an error in future versions
[INFO] [stderr]     Blocking waiting for file lock on package cache
[INFO] [stderr]  Downloading crates ...
[INFO] [stderr]   Downloaded gleam v0.2.32
[INFO] [stderr]   Downloaded piston2d-graphics v0.21.1
[INFO] [stderr]   Downloaded find_folder v0.3.0
[INFO] [stderr]   Downloaded stb_truetype v0.2.8
[INFO] [stderr]   Downloaded wayland-client v0.7.8
[INFO] [stderr]   Downloaded alsa v0.4.2
[INFO] [stderr]   Downloaded conrod_derive v0.70.0
[INFO] [stderr]   Downloaded cocoa v0.15.0
[INFO] [stderr]   Downloaded daggy v0.5.0
[INFO] [stderr]   Downloaded glutin v0.17.0
[INFO] [stderr]   Downloaded gl v0.6.5
[INFO] [stderr]   Downloaded wayland-window v0.4.4
[INFO] [stderr]   Downloaded alsa-sys v0.3.0
[INFO] [stderr]   Downloaded glium v0.22.0
[INFO] [stderr]   Downloaded syntex_syntax v0.59.1
[INFO] [stderr]   Downloaded nix v0.15.0
[INFO] [stderr]   Downloaded smithay-client-toolkit v0.2.6
[INFO] [stderr]   Downloaded syntex_pos v0.59.1
[INFO] [stderr]   Downloaded gfx_window_glutin v0.15.0
[INFO] [stderr]   Downloaded conrod_derive v0.1.2
[INFO] [stderr]   Downloaded extprim v1.7.1
[INFO] [stderr]   Downloaded pistoncore-event_loop v0.32.0
[INFO] [stderr]   Downloaded ctest v0.1.7
[INFO] [stderr]   Downloaded piston-gfx_texture v0.23.0
[INFO] [stderr]   Downloaded wayland-sys v0.7.8
[INFO] [stderr]   Downloaded wayland-kbd v0.6.3
[INFO] [stderr]   Downloaded conrod v0.61.1
[INFO] [stderr]   Downloaded piston v0.32.0
[INFO] [stderr]   Downloaded gfx_gl v0.4.0
[INFO] [stderr]   Downloaded gl_generator v0.6.1
[INFO] [stderr]   Downloaded android_ffi v0.1.0
[INFO] [stderr]   Downloaded midir v0.7.0
[INFO] [stderr]   Downloaded rusttype v0.2.4
[INFO] [stderr]   Downloaded coremidi v0.4.0
[INFO] [stderr]   Downloaded gl_generator v0.7.0
[INFO] [stderr]   Downloaded glutin v0.7.4
[INFO] [stderr]   Downloaded wayland-scanner v0.7.8
[INFO] [stderr]   Downloaded pistoncore-window v0.27.0
[INFO] [stderr]   Downloaded winit v0.16.2
[INFO] [stderr]   Downloaded syntex_errors v0.59.1
[INFO] [stderr]   Downloaded gfx_device_gl v0.14.6
[INFO] [stderr]   Downloaded xml-rs v0.3.6
[INFO] [stderr]   Downloaded winit v0.5.11
[INFO] [stderr]   Downloaded memalloc v0.1.0
[INFO] [stderr]   Downloaded core-graphics v0.14.0
[INFO] [stderr]   Downloaded piston_window v0.65.0
[INFO] [stderr]   Downloaded coremidi-sys v2.0.2
[INFO] [stderr]   Downloaded pistoncore-input v0.18.0
[INFO] [stderr]   Downloaded gfx v0.15.1
[INFO] [stderr]   Downloaded piston2d-gfx_graphics v0.39.0
[INFO] [stderr]   Downloaded pistoncore-glutin_window v0.36.0
[INFO] [stderr]   Downloaded android_support v0.1.0
[INFO] running `Command { std: "docker" "create" "-v" "/var/lib/crater-agent-workspace/builds/worker-3/target:/opt/rustwide/target:rw,Z" "-v" "/var/lib/crater-agent-workspace/builds/worker-3/source:/opt/rustwide/workdir:ro,Z" "-v" "/var/lib/crater-agent-workspace/cargo-home:/opt/rustwide/cargo-home:ro,Z" "-v" "/var/lib/crater-agent-workspace/rustup-home:/opt/rustwide/rustup-home:ro,Z" "-e" "SOURCE_DIR=/opt/rustwide/workdir" "-e" "CARGO_TARGET_DIR=/opt/rustwide/target" "-e" "CARGO_HOME=/opt/rustwide/cargo-home" "-e" "RUSTUP_HOME=/opt/rustwide/rustup-home" "-w" "/opt/rustwide/workdir" "-m" "1610612736" "--user" "0:0" "--network" "none" "rustops/crates-build-env@sha256:d92eaeed33fa75130ca1ee6c8a01d1ffb62bac859dfdfb3450e3e5d1c0146529" "/opt/rustwide/cargo-home/bin/cargo" "+72f88fc4e9458f89516a0b8b0868f3718aec5b47" "metadata" "--no-deps" "--format-version=1", kill_on_drop: false }`
[INFO] [stdout] 5321b17caaa41da56ccd42063877a4480be750bf2adab12e6963fb443a441f74
[INFO] [stderr] WARNING: Your kernel does not support swap limit capabilities or the cgroup is not mounted. Memory limited without swap.
[INFO] running `Command { std: "docker" "start" "-a" "5321b17caaa41da56ccd42063877a4480be750bf2adab12e6963fb443a441f74", kill_on_drop: false }`
[INFO] running `Command { std: "docker" "inspect" "5321b17caaa41da56ccd42063877a4480be750bf2adab12e6963fb443a441f74", kill_on_drop: false }`
[INFO] running `Command { std: "docker" "rm" "-f" "5321b17caaa41da56ccd42063877a4480be750bf2adab12e6963fb443a441f74", kill_on_drop: false }`
[INFO] [stdout] 5321b17caaa41da56ccd42063877a4480be750bf2adab12e6963fb443a441f74
[INFO] running `Command { std: "docker" "create" "-v" "/var/lib/crater-agent-workspace/builds/worker-3/target:/opt/rustwide/target:rw,Z" "-v" "/var/lib/crater-agent-workspace/builds/worker-3/source:/opt/rustwide/workdir:ro,Z" "-v" "/var/lib/crater-agent-workspace/cargo-home:/opt/rustwide/cargo-home:ro,Z" "-v" "/var/lib/crater-agent-workspace/rustup-home:/opt/rustwide/rustup-home:ro,Z" "-e" "SOURCE_DIR=/opt/rustwide/workdir" "-e" "CARGO_TARGET_DIR=/opt/rustwide/target" "-e" "CARGO_INCREMENTAL=0" "-e" "RUST_BACKTRACE=full" "-e" "RUSTFLAGS=--cap-lints=forbid" "-e" "CARGO_HOME=/opt/rustwide/cargo-home" "-e" "RUSTUP_HOME=/opt/rustwide/rustup-home" "-w" "/opt/rustwide/workdir" "-m" "1610612736" "--user" "0:0" "--network" "none" "rustops/crates-build-env@sha256:d92eaeed33fa75130ca1ee6c8a01d1ffb62bac859dfdfb3450e3e5d1c0146529" "/opt/rustwide/cargo-home/bin/cargo" "+72f88fc4e9458f89516a0b8b0868f3718aec5b47" "check" "--frozen" "--all" "--all-targets" "--message-format=json", kill_on_drop: false }`
[INFO] [stdout] d3edbf93858b2f3fe458f73069abff51c19e9e4f9cbcf7773edb15d3387f6f1b
[INFO] [stderr] WARNING: Your kernel does not support swap limit capabilities or the cgroup is not mounted. Memory limited without swap.
[INFO] running `Command { std: "docker" "start" "-a" "d3edbf93858b2f3fe458f73069abff51c19e9e4f9cbcf7773edb15d3387f6f1b", kill_on_drop: false }`
[INFO] [stderr] warning: dependency (conrod) specified without providing a local path, Git repository, or version to use. This will be considered an error in future versions
[INFO] [stderr] warning: dependency (conrod_derive) specified without providing a local path, Git repository, or version to use. This will be considered an error in future versions
[INFO] [stderr] warning: dependency (midir) specified without providing a local path, Git repository, or version to use. This will be considered an error in future versions
[INFO] [stderr]    Compiling libc v0.2.77
[INFO] [stderr]     Checking cfg-if v0.1.10
[INFO] [stderr]    Compiling log v0.4.11
[INFO] [stderr]    Compiling bitflags v1.2.1
[INFO] [stderr]    Compiling autocfg v0.1.7
[INFO] [stderr]     Checking lazy_static v1.4.0
[INFO] [stderr]    Compiling maybe-uninit v2.0.0
[INFO] [stderr]    Compiling byteorder v1.3.4
[INFO] [stderr]    Compiling khronos_api v2.2.0
[INFO] [stderr]    Compiling siphasher v0.2.3
[INFO] [stderr]    Compiling pkg-config v0.3.18
[INFO] [stderr]    Compiling unicode-xid v0.2.1
[INFO] [stderr]    Compiling syn v1.0.40
[INFO] [stderr]    Compiling dtoa v0.4.6
[INFO] [stderr]    Compiling winapi-build v0.1.1
[INFO] [stderr]    Compiling serde v0.9.15
[INFO] [stderr]    Compiling serde v1.0.116
[INFO] [stderr]     Checking bitflags v0.8.2
[INFO] [stderr]     Checking winapi v0.2.8
[INFO] [stderr]    Compiling bitflags v0.7.0
[INFO] [stderr]    Compiling libloading v0.6.3
[INFO] [stderr]     Checking piston-float v0.3.0
[INFO] [stderr]    Compiling bitflags v0.9.1
[INFO] [stderr]    Compiling proc-macro2 v0.4.30
[INFO] [stderr]    Compiling rayon-core v1.8.0
[INFO] [stderr]     Checking scopeguard v1.1.0
[INFO] [stderr]     Checking downcast-rs v1.2.0
[INFO] [stderr]     Checking stable_deref_trait v1.2.0
[INFO] [stderr]    Compiling arrayvec v0.4.12
[INFO] [stderr]    Compiling khronos_api v1.0.1
[INFO] [stderr]     Checking either v1.6.0
[INFO] [stderr]     Checking nodrop v0.1.14
[INFO] [stderr]     Checking adler32 v1.2.0
[INFO] [stderr]     Checking remove_dir_all v0.5.3
[INFO] [stderr]     Checking shader_version v0.2.2
[INFO] [stderr]    Compiling itoa v0.4.6
[INFO] [stderr]     Checking color_quant v1.0.1
[INFO] [stderr]     Checking lzw v0.10.0
[INFO] [stderr]     Checking inflate v0.2.0
[INFO] [stderr]    Compiling term v0.4.6
[INFO] [stderr]     Checking piston-texture v0.5.0
[INFO] [stderr]    Compiling nix v0.15.0
[INFO] [stderr]     Checking rustc-demangle v0.1.16
[INFO] [stderr]     Checking read_color v0.1.0
[INFO] [stderr]     Checking interpolation v0.1.0
[INFO] [stderr]    Compiling gcc v0.3.55
[INFO] [stderr]     Checking unicode-width v0.1.8
[INFO] [stderr]     Checking approx v0.1.1
[INFO] [stderr]     Checking piston-shaders_graphics2d v0.3.1
[INFO] [stderr]     Checking android_ffi v0.1.0
[INFO] [stderr]     Checking strsim v0.8.0
[INFO] [stderr]     Checking vec_map v0.8.2
[INFO] [stderr]     Checking memalloc v0.1.0
[INFO] [stderr]     Checking find_folder v0.3.0
[INFO] [stderr]    Compiling num-traits v0.2.12
[INFO] [stderr]    Compiling rand_core v0.3.1
[INFO] [stderr]    Compiling num-integer v0.1.43
[INFO] [stderr]    Compiling num-iter v0.1.41
[INFO] [stderr]    Compiling rayon v1.4.0
[INFO] [stderr]    Compiling proc-macro2 v0.3.8
[INFO] [stderr]    Compiling phf_shared v0.7.24
[INFO] [stderr]    Compiling kernel32-sys v0.2.2
[INFO] [stderr]     Checking unreachable v1.0.0
[INFO] [stderr]    Compiling xml-rs v0.3.6
[INFO] [stderr]     Checking draw_state v0.7.1
[INFO] [stderr]     Checking piston-viewport v0.3.0
[INFO] [stderr]     Checking vecmath v0.3.1
[INFO] [stderr]    Compiling xml-rs v0.6.1
[INFO] [stderr]     Checking owning_ref v0.4.1
[INFO] [stderr]    Compiling cmake v0.1.44
[INFO] [stderr]     Checking petgraph v0.4.13
[INFO] [stderr]    Compiling rand_chacha v0.1.1
[INFO] [stderr]    Compiling rand_pcg v0.1.2
[INFO] [stderr]    Compiling rand v0.6.5
[INFO] [stderr]     Checking gif v0.9.2
[INFO] [stderr]     Checking textwrap v0.11.0
[INFO] [stderr]     Checking android_support v0.1.0
[INFO] [stderr]    Compiling rand_isaac v0.1.1
[INFO] [stderr]    Compiling rand_hc v0.1.0
[INFO] [stderr]    Compiling rand_xorshift v0.1.1
[INFO] [stderr]    Compiling proc-macro2 v1.0.21
[INFO] [stderr]    Compiling phf v0.7.24
[INFO] [stderr]    Compiling x11-dl v2.18.5
[INFO] [stderr]    Compiling alsa-sys v0.3.0
[INFO] [stderr]     Checking pistoncore-input v0.18.0
[INFO] [stderr]    Compiling ryu v1.0.5
[INFO] [stderr]     Checking lock_api v0.1.5
[INFO] [stderr]     Checking piston2d-graphics v0.21.1
[INFO] [stderr]    Compiling quote v0.5.2
[INFO] [stderr]     Checking crossbeam-utils v0.7.2
[INFO] [stderr]    Compiling parking_lot_core v0.3.1
[INFO] [stderr]    Compiling extprim v1.7.1
[INFO] [stderr]    Compiling wayland-scanner v0.7.8
[INFO] [stderr]    Compiling quote v1.0.7
[INFO] [stderr]    Compiling log v0.3.9
[INFO] [stderr]    Compiling xml-rs v0.7.0
[INFO] [stderr]     Checking smallvec v0.6.13
[INFO] [stderr]     Checking dlib v0.4.2
[INFO] [stderr]     Checking daggy v0.5.0
[INFO] [stderr]    Compiling syn v0.13.11
[INFO] [stderr]     Checking stb_truetype v0.3.1
[INFO] [stderr]     Checking deflate v0.7.20
[INFO] [stderr]     Checking crossbeam-epoch v0.8.2
[INFO] [stderr]     Checking crossbeam-channel v0.4.4
[INFO] [stderr]     Checking pistoncore-window v0.27.0
[INFO] [stderr]    Compiling quote v0.6.13
[INFO] [stderr]    Compiling gl_generator v0.5.5
[INFO] [stderr]     Checking wayland-sys v0.20.12
[INFO] [stderr]    Compiling wayland-client v0.7.8
[INFO] [stderr]     Checking crossbeam-deque v0.7.3
[INFO] [stderr]     Checking pistoncore-event_loop v0.32.0
[INFO] [stderr]    Compiling syn v0.15.44
[INFO] [stderr]     Checking stb_truetype v0.2.8
[INFO] [stderr]     Checking num-traits v0.1.43
[INFO] [stderr]     Checking num-complex v0.1.43
[INFO] [stderr]     Checking wayland-commons v0.20.12
[INFO] [stderr]    Compiling wayland-scanner v0.20.12
[INFO] [stderr]    Compiling gl_generator v0.9.0
[INFO] [stderr]    Compiling gl_generator v0.7.0
[INFO] [stderr]    Compiling gl_generator v0.6.1
[INFO] [stderr]     Checking rusttype v0.2.4
[INFO] [stderr]     Checking piston v0.32.0
[INFO] [stderr]     Checking enum_primitive v0.1.1
[INFO] [stderr]     Checking ordered-float v0.5.2
[INFO] [stderr]     Checking rand v0.4.6
[INFO] [stderr]     Checking shared_library v0.1.9
[INFO] [stderr]     Checking getrandom v0.1.15
[INFO] [stderr]     Checking num_cpus v1.13.0
[INFO] [stderr]     Checking fs2 v0.2.5
[INFO] [stderr]     Checking rand v0.5.6
[INFO] [stderr]     Checking nix v0.11.1
[INFO] [stderr]     Checking memmap v0.6.2
[INFO] [stderr]     Checking thread-id v2.0.0
[INFO] [stderr]     Checking memchr v0.1.11
[INFO] [stderr]     Checking backtrace v0.3.50
[INFO] [stderr]     Checking atty v0.2.14
[INFO] [stderr]    Compiling rand_os v0.1.3
[INFO] [stderr]    Compiling serde_json v0.9.10
[INFO] [stderr]     Checking rusttype v0.5.2
[INFO] [stderr]     Checking osmesa-sys v0.1.2
[INFO] [stderr]     Checking rand_core v0.5.1
[INFO] [stderr]     Checking memmap v0.4.0
[INFO] [stderr]     Checking thread_local v0.2.7
[INFO] [stderr]    Compiling wayland-client v0.20.12
[INFO] [stderr]    Compiling wayland-protocols v0.20.12
[INFO] [stderr]     Checking rand v0.3.23
[INFO] [stderr]     Checking num-bigint v0.1.44
[INFO] [stderr]     Checking aho-corasick v0.5.3
[INFO] [stderr]     Checking clap v2.33.3
[INFO] [stderr]    Compiling glutin v0.7.4
[INFO] [stderr]    Compiling gfx_gl v0.4.0
[INFO] [stderr]     Checking png v0.7.0
[INFO] [stderr]    Compiling glutin v0.17.0
[INFO] [stderr]    Compiling glium v0.22.0
[INFO] [stderr]    Compiling gl v0.6.5
[INFO] [stderr]     Checking rand_chacha v0.2.2
[INFO] [stderr]     Checking tempfile v2.2.0
[INFO] [stderr]     Checking regex v0.1.80
[INFO] [stderr]     Checking num-rational v0.1.42
[INFO] [stderr]     Checking rayon v0.8.2
[INFO] [stderr]    Compiling phf_generator v0.7.24
[INFO] [stderr]     Checking rand v0.7.3
[INFO] [stderr]     Checking parking_lot v0.6.4
[INFO] [stderr]     Checking num v0.1.42
[INFO] [stderr]    Compiling phf_codegen v0.7.24
[INFO] [stderr]     Checking env_logger v0.3.5
[INFO] [stderr]    Compiling target_build_utils v0.3.1
[INFO] [stderr]     Checking alsa v0.4.2
[INFO] [stderr]     Checking tempfile v3.1.0
[INFO] [stderr]    Compiling derivative v1.0.4
[INFO] [stderr]     Checking midir v0.7.0
[INFO] [stderr]     Checking jpeg-decoder v0.1.20
[INFO] [stderr]     Checking smithay-client-toolkit v0.2.6
[INFO] [stderr]    Compiling serde_derive v1.0.116
[INFO] [stderr]    Compiling conrod_derive v0.70.0
[INFO] [stderr]     Checking image v0.13.0
[INFO] [stderr]    Compiling conrod_derive v0.1.2
[INFO] [stderr]     Checking winit v0.16.2
[INFO] [stderr]     Checking gfx_core v0.7.2
[INFO] [stderr]    Compiling libloading v0.3.4
[INFO] [stderr]     Checking dlib v0.3.1
[INFO] [stderr]     Checking wayland-sys v0.7.8
[INFO] [stderr]     Checking wayland-kbd v0.6.3
[INFO] [stderr]     Checking wayland-window v0.4.4
[INFO] [stderr]     Checking gfx v0.15.1
[INFO] [stderr]     Checking gfx_device_gl v0.14.6
[INFO] [stderr]     Checking winit v0.5.11
[INFO] [stderr]     Checking piston-gfx_texture v0.23.0
[INFO] [stderr]     Checking piston2d-gfx_graphics v0.39.0
[INFO] [stderr]     Checking pistoncore-glutin_window v0.36.0
[INFO] [stderr]     Checking gfx_window_glutin v0.15.0
[INFO] [stderr]     Checking piston_window v0.65.0
[INFO] [stderr]     Checking pistoncore-input v0.21.0
[INFO] [stderr]    Compiling syntex_pos v0.59.1
[INFO] [stderr]    Compiling serde_json v1.0.57
[INFO] [stderr]    Compiling syntex_errors v0.59.1
[INFO] [stderr]     Checking conrod v0.61.1
[INFO] [stderr]    Compiling syntex_syntax v0.59.1
[INFO] [stderr]    Compiling ctest v0.1.7
[INFO] [stderr]    Compiling beetflo v0.1.0 (/opt/rustwide/workdir)
[INFO] [stdout] error[E0557]: feature has been removed
[INFO] [stdout]  --> src/lib.rs:1:12
[INFO] [stdout]   |
[INFO] [stdout] 1 | #![feature(custom_attribute)]
[INFO] [stdout]   |            ^^^^^^^^^^^^^^^^ feature has been removed
[INFO] [stdout]   |
[INFO] [stdout]   = note: removed in favor of `#![register_tool]` and `#![register_attr]`
[INFO] [stdout] 
[INFO] [stdout] 
[INFO] [stdout] error[E0557]: feature has been removed
[INFO] [stdout]  --> src/lib.rs:1:12
[INFO] [stdout]   |
[INFO] [stdout] 1 | #![feature(custom_attribute)]
[INFO] [stdout]   |            ^^^^^^^^^^^^^^^^ feature has been removed
[INFO] [stdout]   |
[INFO] [stdout]   = note: removed in favor of `#![register_tool]` and `#![register_attr]`
[INFO] [stdout] 
[INFO] [stdout] 
[INFO] [stdout] error[E0463]: can't find crate for `conrod_core`
[INFO] [stdout]   --> src/widgets/piano/keys.rs:18:10
[INFO] [stdout]    |
[INFO] [stdout] 18 | #[derive(WidgetCommon)]
[INFO] [stdout]    |          ^^^^^^^^^^^^ can't find crate
[INFO] [stdout]    |
[INFO] [stdout]    = note: this error originates in a derive macro (in Nightly builds, run with -Z macro-backtrace for more info)
[INFO] [stdout] 
[INFO] [stdout] 
[INFO] [stdout] error[E0463]: can't find crate for `conrod_core`
[INFO] [stdout]   --> src/widgets/piano/keys.rs:18:10
[INFO] [stdout]    |
[INFO] [stdout] 18 | #[derive(WidgetCommon)]
[INFO] [stdout]    |          ^^^^^^^^^^^^ can't find crate
[INFO] [stdout]    |
[INFO] [stdout]    = note: this error originates in a derive macro (in Nightly builds, run with -Z macro-backtrace for more info)
[INFO] [stdout] 
[INFO] [stdout] 
[INFO] [stdout] error: aborting due to 2 previous errors
[INFO] [stdout] 
[INFO] [stdout] 
[INFO] [stdout] Some errors have detailed explanations: E0463, E0557.
[INFO] [stdout] 
[INFO] [stdout] For more information about an error, try `rustc --explain E0463`.
[INFO] [stdout] 
[INFO] [stdout] error: aborting due to 2 previous errors
[INFO] [stdout] 
[INFO] [stdout] 
[INFO] [stdout] Some errors have detailed explanations: E0463, E0557.
[INFO] [stdout] 
[INFO] [stdout] For more information about an error, try `rustc --explain E0463`.
[INFO] [stdout] 
[INFO] [stderr] error: could not compile `beetflo`.
[INFO] [stderr] 
[INFO] [stderr] To learn more, run the command again with --verbose.
[INFO] [stderr] warning: build failed, waiting for other jobs to finish...
[INFO] [stderr] error: build failed
[INFO] running `Command { std: "docker" "inspect" "d3edbf93858b2f3fe458f73069abff51c19e9e4f9cbcf7773edb15d3387f6f1b", kill_on_drop: false }`
[INFO] running `Command { std: "docker" "rm" "-f" "d3edbf93858b2f3fe458f73069abff51c19e9e4f9cbcf7773edb15d3387f6f1b", kill_on_drop: false }`
[INFO] [stdout] d3edbf93858b2f3fe458f73069abff51c19e9e4f9cbcf7773edb15d3387f6f1b
